d 11882?
26
Calculate the greatest common divisor of 133716 and 24.
12
Calculate the highest common factor of 18761 and 511.
73
Calculate the greatest common factor of 3869 and 2993.
73
What is the greatest common factor of 10829 and 10608?
221
What is the greatest common factor of 68417 and 1674?
31
What is the greatest common factor of 43703 and 32469?
137
What is the greatest common divisor of 14270 and 62?
2
Calculate the highest common factor of 2 and 8248.
2
Calculate the highest common factor of 3 and 843.
3
Calculate the highest common factor of 220974 and 13.
13
What is the greatest common factor of 138050 and 7700?
550
Calculate the greatest common divisor of 33999 and 399.
21
Calculate the greatest common factor of 1368 and 269952.
456
What is the highest common divisor of 60912 and 72474?
282
Calculate the highest common divisor of 1026 and 173286.
54
What is the greatest common factor of 12749 and 668743?
1159
Calculate the greatest common factor of 2708298 and 684.
342
Calculate the greatest common divisor of 12012 and 3311.
77
What is the highest common divisor of 22005 and 675?
135
What is the greatest common factor of 119 and 200277?
119
Calculate the highest common factor of 9136 and 224974.
1142
Calculate the highest common factor of 3434531 and 827.
827
Calculate the highest common divisor of 456 and 3762.
114
What is the greatest common divisor of 26624 and 26?
26
Calculate the greatest common factor of 270 and 2350890.
270
Calculate the highest common factor of 31 and 1376152.
31
What is the highest common factor of 700 and 2764?
4
What is the highest common divisor of 85254 and 208?
26
What is the greatest common factor of 9 and 161703?
9
Calculate the greatest common factor of 630 and 12240.
90
Calculate the greatest common factor of 38 and 1919570.
38
What is the greatest common divisor of 98703 and 198?
99
Calculate the greatest common factor of 268456 and 736.
184
What is the greatest common divisor of 6266 and 42692?
26
Calculate the highest common divisor of 5925 and 2291.
79
What is the greatest common divisor of 138984 and 4?
4
What is the greatest common divisor of 21704 and 1024?
8
Calculate the greatest common factor of 1403618 and 93.
31
What is the greatest common divisor of 143 and 253?
11
Calculate the greatest common factor of 5888 and 27232.
736
Calculate the greatest common divisor of 49 and 37492.
7
Calculate the greatest common factor of 18 and 5932962.
18
What is the highest common divisor of 312 and 162045?
39
Calculate the greatest common factor of 10 and 2165510.
10
What is the greatest common divisor of 5103 and 4182759?
1701
What is the greatest common factor of 111 and 8321041?
37
Calculate the highest common factor of 308 and 323246.
154
Calculate the greatest common factor of 38 and 181697.
19
Calculate the highest common factor of 22 and 2844094.
22
What is the highest common divisor of 269974 and 46?
46
What is the greatest common factor of 22 and 1925979?
11
What is the highest common factor of 90112 and 264?
88
What is the highest common factor of 358 and 44929?
179
Calculate the greatest common factor of 6741 and 28141.
107
Calculate the greatest common factor of 112 and 7042.
14
Calculate the highest common factor of 1185 and 257430.
15
Calculate the greatest common divisor of 97810 and 10.
10
Calculate the highest common factor of 1170 and 45370.
130
Calculate the highest common factor of 23296 and 2416.
16
Calculate the highest common factor of 806 and 310.
62
What is the highest common factor of 1104 and 109776?
48
Calculate the greatest common divisor of 4561782 and 18.
6
Calculate the greatest common divisor of 79 and 120317.
79
Calculate the greatest common factor of 70 and 761922.
14
What is the greatest common factor of 10266 and 4176?
174
What is the greatest common divisor of 206025 and 335?
335
What is the highest common factor of 69446 and 52?
26
Calculate the highest common factor of 104775 and 2200.
275
Calculate the highest common divisor of 120 and 35320.
40
Calculate the highest common divisor of 1989 and 4251.
39
Calculate the highest common divisor of 738543 and 696.
87
What is the highest common factor of 7514 and 728?
26
Calculate the highest common factor of 748 and 16864.
68
What is the greatest common factor of 210 and 115962?
42
Calculate the highest common divisor of 1037 and 1878007.
1037
Calculate the highest common factor of 2938532 and 106.
106
What is the greatest common factor of 564 and 7968?
12
What is the greatest common divisor of 3555 and 14895?
45
Calculate the highest common divisor of 95 and 152855.
95
What is the highest common divisor of 35062 and 752?
94
Calculate the greatest common divisor of 110 and 21445.
5
What is the greatest common factor of 3395 and 20?
5
What is the highest common divisor of 1330308 and 1764?
252
What is the greatest common factor of 232 and 54346?
58
Calculate the greatest common divisor of 336549 and 255.
51
Calculate the highest common factor of 60 and 10396020.
60
What is the highest common factor of 130216 and 1985?
397
What is the highest common divisor of 5412 and 45276?
132
Calculate the highest common divisor of 43962 and 1122.
102
What is the greatest common factor of 65 and 40?
5
What is the highest common divisor of 760 and 1696?
8
What is the highest common factor of 1991832 and 2682?
894
Calculate the highest common divisor of 21424733 and 11.
11
Calculate the highest common divisor of 4963 and 168.
7
What is the highest common divisor of 279 and 450?
9
What is the highest common divisor of 1778608 and 312?
104
Calculate the highest common factor of 29638 and 112.
14
What is the greatest common divisor of 3560 and 25276?
356
Calculate the greatest common divisor of 67171 and 26.
13
Calculate the highest common factor of 8 and 4243288.
8
What is the greatest common factor of 4990 and 40?
10
What is the highest common divisor of 261611 and 38?
19
Calculate the greatest common divisor of 5 and 1189.
1
Calculate the highest common divisor of 69966 and 35604.
414
What is the greatest common divisor of 242 and 34?
2
What is the greatest common divisor of 25 and 7317025?
25
Calculate the highest common factor of 74146 and 49808.
566
What is the highest common divisor of 18705 and 25?
5
Calculate the highest common divisor of 14305 and 5.
5
What is the highest common divisor of 333344 and 28?
4
What is the highest common divisor of 32591 and 207?
23
What is the greatest common factor of 8675 and 249146?
347
What is the highest common factor of 6314 and 64493?
451
What is the greatest common factor of 127673 and 305?
61
Calculate the greatest common factor of 31204 and 11716.
116
Calculate the greatest common divisor of 13904 and 592.
16
What is the greatest common divisor of 343 and 28322?
49
What is the greatest common divisor of 781 and 95921?
71
Calculate the highest common factor of 913 and 176.
11
Calculate the highest common factor of 106119 and 39.
39
What is the greatest common divisor of 1075 and 104791?
43
What is the greatest common divisor of 1 and 14479?
1
What is the greatest common divisor of 216 and 135?
27
Calculate the highest common divisor of 98 and 1393.
7
What is the greatest common divisor of 7536 and 5664?
48
What is the greatest common divisor of 170221 and 19?
19
Calculate the greatest common factor of 1485499 and 801.
89
What is the highest common factor of 1256 and 396268?
628
Calculate the greatest common factor of 308 and 15862.
154
Calculate the highest common divisor of 301878 and 372.
186
What is the greatest common factor of 6 and 126774?
6
What is the highest common factor of 44 and 5282860?
44
Calculate the highest common factor of 35751 and 102.
51
What is the greatest common factor of 1765 and 25?
5
What is the greatest common divisor of 1525 and 550?
25
What is the greatest common divisor of 17410 and 5230?
10
What is the greatest common factor of 1664 and 6272?
128
What is the greatest common factor of 19942 and 967954?
1534
Calculate the greatest common divisor of 1247 and 3277.
29
What is the highest common factor of 531 and 1359?
9
What is the highest common factor of 12 and 137868?
12
What is the greatest common factor of 102 and 423147?
51
Calculate the greatest c